2 - 9*c + 6. Suppose -3*y = 4 + 23. Let x be m(y). Determine g(x).
11
Let z(w) be the second derivative of -w**4/24 + w**3/6 - w**2/2 + w. Let g(s) be the first derivative of z(s). Let o = -1 - -6. Give g(o).
-4
Let z = 3 + -10. Let c(i) = 2*i**3 + 5*i**2 + 7*i + 12. Let a(b) = -b**3 - 2*b**2 - 3*b - 6. Let j(v) = z*a(v) - 3*c(v). Give j(0).
6
Let j(g) = g**3 - 1 + 6*g**3 - g - 11*g**3. Give j(-1).
4
Suppose 0 = 4*o - 18 - 6. Let z(c) = 3*c**3 + 4*c - 2*c**3 + 2*c - 5*c**2 - 2*c**2 + 5. Give z(o).
5
Let x(r) = r - 4. Let n be x(4). Suppose -5*h + 4 + 21 = n. Let y(z) be the third derivative of -z**5/60 + 7*z**4/24 - 7*z**3/6 - 14*z**2. Calculate y(h).
3
Let d(m) = -4*m + 6. Let l(c) = -3*c + 5. Let j(a) = 4*d(a) - 5*l(a). Calculate j(-2).
1
Let x(a) = 2*a - 8*a + 1 - 7*a + 12*a. Let v be (3/(-4))/(-1)*4. What is x(v)?
-2
Let t(z) be the second derivative of -z**4/12 - 2*z**3/3 + 3*z**2 + 2*z. Determine t(-5).
1
Suppose -l - 1 = -b, 3*b + l = b + 8. Suppose 0*m + 2*m - 1 = s, -b*s = -4*m - 3. Suppose 0 = -s*x + 1 - 6. Let a(y) = 9*y**3 + 1. Give a(x).
-8
Let k(a) = -9*a**3 - 2*a**2 + 4*a + 1. Let o(g) = 14*g**3 + 3*g**2 - 6*g - 1. Let t(b) = -8*k(b) - 5*o(b). Let v be 12/(-42) - (-24)/(-14). Give t(v).
-11
Let g(u) = -u**3 + 1 - 2*u**2 + u - 1. Let j be 6/27 - 25/(-9). Suppose -j*x + 13 = -5*y, x + 2 = -2*y - x. What is g(y)?
-2
Let t(h) = h**3 - 3*h**2. Let m be (-12)/(-150)*10*10/4. What is t(m)?
-4
Let n(z) be the first derivative of -1/12*z**4 + 0*z - z**2 + 2 - 1/60*z**5 - 1/2*z**3. Let q(r) be the second derivative of n(r). Give q(-3).
-6
Let g(d) = d - 2. Let j = 133 - 133. Determine g(j).
-2
Suppose v - 5*v + 24 = 0. Let s(j) = j + 1. Calculate s(v).
7
Let k(d) be the first derivative of -d**2/2 + d - 12. Determine k(0).
1
Let f(b) = b**3 - 3*b**2 - 1. Let d(g) = g**3 + 5*g**2 - g - 2. Let h be d(-5). What is f(h)?
-1
Let i(n) = n - 2. Let b be (-12)/(-36) - (-38)/(-6). Give i(b).
-8
Suppose -5*w - d = 6 - 21, -w + 4*d = -3. Let u(b) = -w + b + 0 - 3 + 7. Calculate u(-4).
-3
Let a(g) be the first derivative of 7*g**4/4 - 2*g**3/3 + 7*g**2/2 - 6. Let w(p) = 8*p**3 - 3*p**2 + 8*p. Let r(y) = -7*a(y) + 6*w(y). What is r(-3)?
-6
Let c = -11 + 24. Suppose -2*d - c = p + 2*p, p + 2*d + 7 = 0. Let l(u) = u**3 + 4*u**2 + 5*u + 2. Determine l(p).
-4
Suppose -3*k - 24 = -2*k. Let q = -25 - k. Let v(o) = 3*o**3 + o**2 + o + 1. Give v(q).
-2
Let a(x) = -7*x**2 + 6*x + 3. Let t(q) = -q**2 - q - 1. Let v(l) = a(l) + 4*t(l). Let p = 8 - 4. Suppose 3*s - 3 = -p*d, -3*s - 2*s - d = -5. What is v(s)?
-10
Let u(b) = 7*b**3 + 2*b + 1. Let w = -7 + 4. Let x be w*(-2)/6 - 2. Give u(x).
-8
Let m = -33 - -33. Suppose 4 = 3*u - 7*u. Let r(y) = y + 1. Let g(v) = -v**2 + 4*v - 2. Let b(f) = u*g(f) + 5*r(f). Determine b(m).
7
Suppose 4*h = -5*j - 7, 0 = 2*j - 0*j + 6. Let n(o) = 0 + 0 - h - 2*o + 3. Let m(y) = y**2 + 3*y - 7. Let b be m(-5). What is n(b)?
-5
Let r(k) = 0*k - 3*k**2 + 4*k**2 + k. Let i be 6/(-10) + -2*26/(-20). Give r(i).
6
Let g(n) = n**2 + 6*n - 5. Let w(q) = -7*q**2 + 4*q - 3. Let j be w(1). What is g(j)?
-5
Suppose 3*i = 5*i - 4. Let b(u) = -2*u**2 + 8*u + 3. Let s(o) = o**2 - 4*o - 1. Let p(m) = 4*b(m) + 9*s(m). Calculate p(i).
-1
Let b(n) = -3*n**2 - 3*n + 3. Let m(o) = -7*o**2 - 6*o + 6. Let z(w) = 9*b(w) - 4*m(w). Let g = -9 - -13. Determine z(g).
7
Let a(h) = h**2 - 2*h - 1. Let p be a(3). Let l(m) = -7*m + 5. Let b(c) = -c + 1. Suppose 3*v = -0 + 3. Let y(d) = v*l(d) - 3*b(d). Give y(p).
-6
Let b(x) be the third derivative of -x**6/120 + x**5/12 - x**4/8 + 2*x**3/3 + 15*x**2. What is b(4)?
8
Let w(h) = -5*h + 1. Let s(r) = r**2 - 11*r + 3. Let o be 2/7 + 24/14. Let u(t) = o*s(t) - 5*w(t). Suppose 0 = -12*m - 240 + 216. Calculate u(m).
3
Suppose -d = 4*d. Suppose d = -5*x + x. Let a(n) be the first derivative of n**2/2 + 5*n + 1. What is a(x)?
5
Let y = 9 + -3. Let x(z) = -z**3 + 7*z**2 - 4*z - 7. Give x(y).
5
Let b(f) = -f**2 + 4*f + 2. Let t(m) = -4*m**2 + 17*m + 7. Let a(v) = -9*b(v) + 2*t(v). Let h(j) = -3*j - 15. Let p be h(-6). Give a(p).
-1
Let x(n) be the third derivative of n**6/120 - n**5/5 + 5*n**3/6 - 63*n**2. Give x(12).
5
Let r(l) = 2*l**2 - 5 + 2*l**2 + 4 - 1. Give r(-2).
14
Let r(k) = -k**2 + 6*k - 6. Let u be (36/(-30))/((-6)/(-20)). Let w = u + 9. Determine r(w).
-1
Let y(m) = m**2 + 3*m - 4. Suppose -4*u + 23 = 3. Suppose -3*j + 5*f = 40, -u*j + 4*f - 40 - 5 = 0. Give y(j).
6
Let y be (-2)/20*4*2*-5. Let u(q) = q**2 - 6*q + 1. What is u(y)?
-7
Let g(q) = 0*q - q**2 + 4*q - 6 - 5*q. Calculate g(0).
-6
Let r(i) = -4*i + 16. Let l be r(5). Let m(s) = -s**2 - 3*s - 1. What is m(l)?
-5
Let y(g) = -2*g - 5. Let s(r) = r + 4. Let h(q) = -4*s(q) - 3*y(q). Let z(a) = 2*a - 1. Let t(b) = 6*h(b) - 5*z(b). Determine t(-1).
-3
Let k(r) be the first derivative of r**3/3 + r**2 + r - 1. Let o(s) = -s - 4. Let z = 3 + -5. Let g be o(z). Determine k(g).
1
Let m(l) = 13*l**3 + l**2 - 7 - 12*l**3 - 4. What is m(0)?
-11
Suppose f = -1 - 0. Let i(x) = 16*x**3 + 2*x**2 + 7*x. Let a(q) = q**3 + q. Let z(u) = -6*a(u) + i(u). Give z(f).
-9
Suppose 9 = 3*a + 4*l + 30, 15 = -5*l. Let z(u) = u**3 + 4*u**2 - u. Determine z(a).
12
Let v(a) = -16*a**2 - 16*a - 5. Let n(d) = -3*d**2 - 3*d - 1. Let c(g) = -11*n(g) + 2*v(g). Let h = 19 - 20. Give c(h).
1
Let a(t) = -t**2 - 1. Let s(d) = d**3 + 3*d**2 - 4*d + 5. Let c(x) = 4*a(x) + s(x). Let u = -3 - -5. Suppose 0*g = r - 4*g + 9, -u*g + 21 = 5*r. What is c(r)?
7
Let j(v) be the second derivative of -v**5/20 - 5*v**4/12 - v**3/6 + 7*v**2/2 + 2*v. Give j(-5).
12
Let f(b) be the first derivative of -b**4/4 + 2*b**3/3 - b**2 - b + 2. Determine f(2).
-5
Suppose 12 = -o + 3*b, -5*b + 11 = -2*o - 12. Let x = -4 - o. Let h(t) = 2 + 5*t - 6*t**2 - 2*t**3 + 2*t**3 + t**3. Give h(x).
2
Let v(a) = -6*a + 1. Let d(m) = 30*m - 5. Let z(f) = 2*d(f) + 11*v(f). Determine z(2).
-11
Suppose -5*l - 27 = p, 4*p + 6 = 18. Let d(s) = s**3 + 7*s**2 + 12*s. Let u(g) = g**3 + 7*g**2 + 11*g + 1. Let k(f) = -5*d(f) + 6*u(f). Determine k(l).
6
Let q(b) = -2*b - 4 + 4*b - 4*b. Suppose 0 = 5*v - 20, 28 = 2*d + 2*v + 3*v. Suppose -2*m - d - 2 = 0. Give q(m).
2
Let v(h) be the second derivative of -h**6/720 - h**5/30 - h**4/3 + 5*h. Let l(o) be the third derivative of v(o). Calculate l(-4).
0
Let a(h) = -2*h**2 + 25*h - 10. Let u(x) = -x**2 + 13*x - 5. Let v(s) = -6*a(s) + 11*u(s). What is v(4)?
-7
Let w(y) = y**2 + 3*y - 1. Suppose -3*x = 4*d + 12, -2*x - d - 7 - 1 = 0. Let m be w(x). Let c(s) = 2*s + 1. What is c(m)?
7
Let s(p) = 6*p - 1. Let n(v) = 7*v - 1. Let b(z) = 5*n(z) - 6*s(z). Calculate b(2).
-1
Let d(q) = 5 + 0*q + q + q. Let s(f) = -f - 6. Let z(m) = m + 5. Let l(r) = 5*s(r) + 6*z(r). Let k be l(-4). Determine d(k).
-3
Let c(a) be the first derivative of -a**2 - a + 25. What is c(-2)?
3
Let i(u) = -5*u + 1. Let v(k) = -k**3 - 17*k**2 - 16*k - 21. Let p be v(-16). Let m = p - -22. Give i(m).
-4
Let h(b) = -6*b + 17. Let s(f) = -2*f + 6. Let i(r) = -4*h(r) + 11*s(r). What is i(4)?
6
Let c(j) = 2*j - 1 - 2 - 1 - 2. Calculate c(4).
2
Suppose 4 = -2*z - 5*f, -5*z = 2*f - 4 - 7. Let n(m) = m**3 - 5*m**2 + 5*m - 3. Let j be n(z). Let i(l) = -l**2 - 6*l + 6. What is i(j)?
6
Let d(o) = 9*o**2 + 3. Let q(m) = 38*m**2 + 13. Let h(p) = 9*d(p) - 2*q(p). Give h(-1).
6
Let f(s) be the second derivative of 0*s**4 - 1/20*s**5 + 0*s**3 + 2*s + 0 - 9/2*s**2. Let g(j) = 2*j - 2. Let m be g(1). Determine f(m).
-9
Let x(a) = -a**3 - 4*a**2 + 5*a + 5. Suppose 1 = l, -4*g - l + 1 = -0. Suppose -5 = o, -12 + 2 = -d + o. Let h = g - d. Calculate x(h).
5
Let j(p) = 3*p**2 + 4*p - 4. Let d(g) = 5*g**2 + 7*g - 7. Let x(w) = 4*d(w) - 7*j(w). Let r be (0 - 0)*(-1)/2. Suppose 4*n + r*n = 4. Determine x(n).
-1
Let m(c) = c**2 - 5*c + 1. Let x(y) = -y**3 + 6*y**2 + 6*y + 7. Let d be x(7). Suppose 5*i - 21 - 4 = d. Give m(i).
1
Let a be (-2)/(-12) - (-102)/36. Let k(m) = 0*m**2 - m**a - 3 + 5*m + 3*m**2 + 2. Calculate k(4).
3
Let p(u) = 0*u**2 + 3 - 5*u - u**2 + 3. Calculate p(-5).
6
Let k be -2 + (-3 + 1)*-1. Let d(f) = k - 2*f + 4*f + f + 1. Give d(1).
4
Let i = -11 + 18. Let f(v) = -v**3 + 8*v**2 - 7*v - 2. Give f(i).
-2
Let n = -10 - -15. Let w(s) be the second derivative of -s**4/12 + s**3/2 - s**2 + s + 9. Calculate w(n).
-12
Let g(l) = -l**2 - l 